
Calculate the remainder when 90 is divided by 16.
10
What is the remainder when 273 is divided by 85?
18
Calculate the remainder when 4695 is divided by 127.
123
Calculate the remainder when 4882 is divided by 148.
146
What is the remainder when 790 is divided by 103?
69
What is the remainder when 3521 is divided by 186?
173
Calculate the remainder when 20 is divided by 6.
2
Calculate the remainder when 677 is divided by 136.
133
What is the remainder when 56 is divided by 22?
12
Calculate the remainder when 4127 is divided by 35.
32
Calculate the remainder when 352 is divided by 166.
20
What is the remainder when 221 is divided by 72?
5
What is the remainder when 124 is divided by 32?
28
What is the remainder when 711 is divided by 59?
3
What is the remainder when 11295 is divided by 32?
31
What is the remainder when 167 is divided by 28?
27
What is the remainder when 47 is divided by 9?
2
What is the remainder when 297 is divided by 62?
49
What is the remainder when 470 is divided by 20?
10
What is the remainder when 527 is divided by 48?
47
What is the remainder when 96 is divided by 20?
16
Calculate the remainder when 271 is divided by 142.
129
What is the remainder when 1448 is divided by 362?
0
Calculate the remainder when 39 is divided by 26.
13
Calculate the remainder when 1739 is divided by 134.
131
Calculate the remainder when 816 is divided by 25.
16
Calculate the remainder when 89 is divided by 23.
20
Calculate the remainder when 247 is divided by 47.
12
Calculate the remainder when 758 is divided by 4.
2
Calculate the remainder when 127 is divided by 33.
28
What is the remainder when 1618 is divided by 74?
64
Calculate the remainder when 29 is divided by 10.
9
Calculate the remainder when 1194 is divided by 63.
60
Calculate the remainder when 21 is divided by 19.
2
What is the remainder when 998 is divided by 446?
106
Calculate the remainder when 72 is divided by 29.
14
What is the remainder when 241 is divided by 63?
52
Calculate the remainder when 539 is divided by 30.
29
Calculate the remainder when 482 is divided by 203.
76
What is the remainder when 79 is divided by 42?
37
What is the remainder when 1018 is divided by 130?
108
Calculate the remainder when 785 is divided by 131.
130
Calculate the remainder when 277 is divided by 5.
2
What is the remainder when 41 is divided by 7?
6
Calculate the remainder when 141 is divided by 16.
13
Calculate the remainder when 3268 is divided by 5.
3
What is the remainder when 30 is divided by 12?
6
What is the remainder when 63 is divided by 41?
22
What is the remainder when 81 is divided by 45?
36
Calculate the remainder when 79 is divided by 31.
17
What is the remainder when 21574 is divided by 174?
172
Calculate the remainder when 172 is divided by 22.
18
What is the remainder when 447 is divided by 75?
72
What is the remainder when 29 is divided by 11?
7
Calculate the remainder when 3600 is divided by 17.
13
Calculate the remainder when 272 is divided by 67.
4
Calculate the remainder when 1445 is divided by 35.
10
Calculate the remainder when 29 is divided by 15.
14
What is the remainder when 161 is divided by 27?
26
Calculate the remainder when 2962 is divided by 39.
37
What is the remainder when 132 is divided by 40?
12
What is the remainder when 377 is divided by 7?
6
What is the remainder when 36 is divided by 11?
3
Calculate the remainder when 1591 is divided by 272.
231
What is the remainder when 71 is divided by 27?
17
Calculate the remainder when 3510 is divided by 185.
180
What is the remainder when 1724 is divided by 144?
140
What is the remainder when 86 is divided by 37?
12
Calculate the remainder when 299 is divided by 7.
5
Calculate the remainder when 2009 is divided by 126.
119
Calculate the remainder when 1295 is divided by 416.
47
Calculate the remainder when 360 is divided by 357.
3
What is the remainder when 69 is divided by 16?
5
Calculate the remainder when 1377 is divided by 31.
13
Calculate the remainder when 53 is divided by 21.
11
What is the remainder when 7715 is divided by 12?
11
What is the remainder when 793 is divided by 40?
33
Calculate the remainder when 1592 is divided by 12.
8
Calculate the remainder when 244 is divided by 40.
4
Calculate the remainder when 852 is divided by 95.
92
Calculate the remainder when 18 is divided by 14.
4
What is the remainder when 5775 is divided by 34?
29
Calculate the remainder when 882 is divided by 68.
66
Calculate the remainder when 341 is divided by 19.
18
Calculate the remainder when 31539 is divided by 6.
3
What is the remainder when 142 is divided by 35?
2
What is the remainder when 4492 is divided by 25?
17
What is the remainder when 50 is divided by 29?
21
Calculate the remainder when 214 is divided by 45.
34
What is the remainder when 1692 is divided by 844?
4
What is the remainder when 2039 is divided by 2028?
11
Calculate the remainder when 5547 is divided by 5.
2
Calculate the remainder when 1298 is divided by 26.
24
Calculate the remainder when 166 is divided by 57.
52
What is the remainder when 355 is divided by 119?
117
Calculate the remainder when 498 is divided by 21.
15
Calculate the remainder when 8725 is divided by 2179.
9
What is the remainder when 126 is divided by 45?
36
What is the remainder when 38 is divided by 8?
6
Calculate the remainder when 274 is divided by 3.
1
What is the remainder when 747 is divided by 29?
22
What is the remainder when 327 is divided by 30?
27
What is the remainder when 20 is divided by 20?
0
Calculate the remainder when 277 is divided by 144.
133
What is the remainder when 132 is divided by 70?
62
What is the remainder when 78 is divided by 42?
36
Calculate the remainder when 95 is divided by 14.
11
What is the remainder when 363 is divided by 28?
27
What is the remainder when 110 is divided by 38?
34
Calculate the remainder when 484 is divided by 135.
79
What is the remainder when 323 is divided by 11?
4
What is the remainder when 103 is divided by 15?
13
Calculate the remainder when 160 is divided by 27.
25
Calculate the remainder when 1792 is divided by 30.
22
Calculate the remainder when 3303 is divided by 14.
13
What is the remainder when 6044 is divided by 195?
194
Calculate the remainder when 3407 is divided by 7.
5
Calculate the remainder when 216 is divided by 39.
21
Calculate the remainder when 29746 is divided by 119.
115
What is the remainder when 5003 is divided by 139?
138
Calculate the remainder when 5968 is divided by 11.
6
What is the remainder when 864 is divided by 42?
24
Calculate the remainder when 327 is divided by 30.
27
Calculate the remainder when 168 is divided by 39.
12
Calculate the remainder when 1033 is divided by 11.
10
What is the remainder when 62 is divided by 22?
18
Calculate the remainder when 203 is divided by 66.
5
What is the remainder when 8615 is divided by 10?
5
Calculate the remainder when 7066 is divided by 1007.
17
Calculate the remainder when 160 is divided by 18.
16
What is the remainder when 999 is divided by 90?
9
What is the remainder when 43 is divided by 10?
3
What is the remainder when 932 is divided by 192?
164
Calculate the remainder when 81 is divided by 26.
3
Calculate the remainder when 447 is divided by 223.
1
What is the remainder when 2221 is divided by 19?
17
Calculate the remainder when 12319 is divided by 80.
79
Calculate the remainder when 84 is divided by 16.
4
What is the remainder when 934 is divided by 84?
10
What is the remainder when 40 is divided by 27?
13
Calculate the remainder when 43 is divided by 30.
13
Calculate the remainder when 896 is divided by 12.
8
Calculate the remainder when 1835 is divided by 4.
3
What is the remainder when 25975 is divided by 68?
67
Calculate the remainder when 47 is divided by 3.
2
What is the remainder when 1483 is divided by 135?
133
What is the remainder when 1632 is divided by 9?
3
Calculate the remainder when 447 is divided by 30.
27
What is the remainder when 5257 is divided by 11?
10
Calculate the remainder when 318 is divided by 64.
62
Calculate the remainder when 2135 is divided by 143.
133
Calculate the remainder when 423 is divided by 61.
57
Calculate the remainder when 19 is divided by 2.
1
Calculate the remainder when 3775 is divided by 90.
85
W